culate p(2).
2
Suppose 0 = z - 2 + 5. Let c = 2 + z. Let x(p) = -11*p - 1. Give x(c).
10
Suppose -2*h + 7*h + 10 = 0. Let k(g) = -12*g**3 + 2*g**2 - g + 1 + g**3 + 14*g**3. Determine k(h).
-13
Let q = -18 - -7. Let g(s) = -5*s**3 - s**2 - 6*s - 5. Let i(r) = -9*r**3 - 2*r**2 - 11*r - 9. Let n(x) = q*g(x) + 6*i(x). Give n(-1).
-1
Let t(v) = 3*v**2 + 0*v**2 + 1 + 3*v**3 - 2*v**3 - 4*v**2. What is t(0)?
1
Let j(l) = l**3 - 4*l**2 - 3. Suppose -v - 15 = -2*o - 3*o, -13 = -2*o - v. Determine j(o).
-3
Suppose 0*r - 3*r + 4*u - 6 = 0, -5*r - u + 13 = 0. Let l(f) = 3*f**3 + 5*f**r + f + 2*f**3 - 4*f**3. Calculate l(-5).
-5
Suppose -3*v = -1 + 13. Let d(r) = -r**3 - 5*r**2 - r - 3. Let c(z) = -2*z**3 - 10*z**2 - 2*z - 7. Let b(w) = -6*c(w) + 13*d(w). Calculate b(v).
-9
Let s(q) = -q - 7. Let u be (-10)/20*(-1 - 13). Let r = 2 - u. Determine s(r).
-2
Let u(r) = -5*r + 17. Let l(x) = -4*x + 16. Let y(c) = -6*l(c) + 5*u(c). Let v(t) = 4*t**2 - 2*t - 5. Let a be v(0). Give y(a).
-6
Let o(k) be the second derivative of 7/12*k**4 + 5/6*k**3 + 1/20*k**5 + 0 + k**2 + 2*k. Let h = 1 - 7. What is o(h)?
8
Let j be ((-25)/20)/(2/(-8)). Suppose 3*q - j = 10. Let f(i) = i**2 - 4*i + 2. Determine f(q).
7
Let w(b) = b**3 - 5*b**2 + 2*b - 4. Let r = 19 - 16. Suppose 0 = -r*t + 3*h + 18, -5*t + 21 = 2*h + 2*h. What is w(t)?
6
Let d(k) = 9*k**2. Let z(u) = u**2. Let m(p) = 2*d(p) - 14*z(p). Let g(c) = c**2 + 8*c + 8. Let l be g(-7). Determine m(l).
4
Let l = 11 - 16. Let a(d) = d**2 + 8*d + 3. Give a(l).
-12
Let f(k) = k**3 - 6*k**2 + 5*k + 6. Suppose -2*u = u - 15. Suppose u*p = 2*p. Suppose a - 19 = -3*v, p*a = -4*a + 16. Calculate f(v).
6
Let w(o) = 11*o**3 + 31*o**2 - 8*o - 6. Let h(b) = 8*b**3 + 21*b**2 - 5*b - 4. Let n(k) = -7*h(k) + 5*w(k). What is n(7)?
12
Let x(a) = a**2 + 5*a. Suppose 27 = -m - 3*n, 15 = -m + n - 0. Let h = 14 + m. Determine x(h).
-4
Let h(s) = 2*s**3 - 8*s**2 - 2*s - 6. Let a(k) = 3*k**3 - 9*k**2 - k - 7. Let i(j) = 3*a(j) - 4*h(j). Let n = 0 - 3. What is i(n)?
6
Let y(r) be the third derivative of -r**5/60 + r**4/4 - r**3/3 + 3*r**2. Let h(i) = -1. Let w(o) = -4*h(o) - y(o). What is w(5)?
1
Let s(n) be the second derivative of n**5/20 - n**3/2 - n**2/2 - n. Suppose 3*b - 9 = 5*d, 2*d = -b + d - 5. Determine s(b).
-3
Let g(z) = -z**3 + 5*z**2 + z + 1. Let k(u) be the second derivative of u**5/4 + u**3/6 - u**2/2 - 4*u. Let j be k(1). Determine g(j).
6
Let y(f) = 2*f**3 - 9*f**2 - 9*f + 4. Let k(m) = -5*m**3 + 26*m**2 + 26*m - 11. Let c(a) = 3*k(a) + 8*y(a). Determine c(-5).
-6
Suppose -4*m + 24 = 8. Suppose 0 = v + 3*c - 8, -c = -0*v - v - m. Let z(d) = -2*d + 0*d**2 + 3*d + 6*d**3 + d**2. Give z(v).
-6
Let p(w) be the first derivative of -w**4/4 - w**3 - w**2 - 3*w + 7. Give p(-2).
-3
Suppose o = -2*s + s - 11, 5*o = -2*s - 58. Let x be 81/o - 2/8. Let w = 2 + x. Let i(r) = r**3 + 5*r**2 + r - 5. Determine i(w).
-10
Suppose 4*t + 3 = -5. Let v(u) = u**2 - 11*u + 16. Let m(b) = 2*b - 3. Let x(l) = -11*m(l) - 2*v(l). Give x(t).
-7
Let z(s) = -2*s + 254 - s**2 - 254. What is z(-1)?
1
Let t(x) = x**3 + 9*x**2 + 8*x + 1. Let f = -3 + 6. Suppose r = f*r + 16. Let m be t(r). Let n(j) = 6*j. Determine n(m).
6
Let c(b) be the third derivative of b**6/120 - b**5/12 + 5*b**4/24 - b**3/2 - 6*b**2. Determine c(3).
-6
Let x(j) = j**3 + 7*j**2 + 6*j - 3. Let f(h) = h**2 - 10*h + 10. Let b be f(8). Let l be x(b). Let q(t) = t**3 - 3*t + 1. What is q(l)?
-17
Let c(v) = -v**3 - 4*v**2 + 6*v - 2. Let y = 56 - 61. Calculate c(y).
-7
Let f(j) = -4*j**2 + 2*j - 1. Let o be (2/(-3))/((-6)/(-9)) + 2. What is f(o)?
-3
Let p(n) = -2 + n + n + 1 + 7*n**2. Let l be p(1). Suppose 0*i = 4*r + i - 13, 0 = 3*r - i - l. Let z(d) = d - 2. Calculate z(r).
1
Let r(l) = 9*l**2 - 6*l**2 + 3 + l + l**3 - 4*l**2 - 2. Determine r(0).
1
Let i(f) = f**3 + 14*f**2 - 16*f + 5. Let x be i(-15). Suppose l = -4*l - x. Let b(o) = -o - 5. Calculate b(l).
-1
Let r(z) = 95*z - z**3 + z**2 - 95*z + 4. Give r(0).
4
Suppose 3*p + 9*j = 4*j - 23, 8 = -p - 2*j. Let w(c) = c + 2. Calculate w(p).
-4
Suppose 0*t + 12 = 3*t. Suppose -4*v - v + t*a + 3 = 0, 5*v - 30 = -5*a. Suppose f = -4, f + 2 = -v*h + 2*f. Let y(j) = 2*j**3 + 3*j**2 + j - 2. Give y(h).
-8
Let l = -29 - -37. Let d(u) = u - 5. Calculate d(l).
3
Suppose 0 = -7*r + 2*r - 4*b + 16, 2*r + 5*b - 20 = 0. Suppose 0 = g + 2 - 3. Let i(v) = v**3 + g + v - 3 + 0 - v**2. Determine i(r).
-2
Let i(l) = -2*l. Suppose 5*x = 187 + 173. Suppose 5*q - 2*q = x. Suppose 3*d - y - 1 = 0, 3*y + 2*y + q = -4*d. Give i(d).
2
Let p(u) be the first derivative of -u**2/2 + 4*u + 1. Let w(l) = -l - 5. Let x be w(-7). Suppose -x*i - 2*i = 12. Calculate p(i).
7
Suppose 5*m + 3*h + 22 + 18 = 0, -3*m = -h + 24. Let k(u) = -u**2 - 8*u + 1. Calculate k(m).
1
Let t be 12/(-4) + 8/2. Let p(y) = -y. Let v(n) = -2*n + 1. Let h(w) = t*v(w) + p(w). What is h(3)?
-8
Let h(l) = -l - 1. Let n(m) = 6*m**2 + 5*m + 4. Let t(y) = 4*h(y) + n(y). Suppose 0 = f + 5, -5*z + 15 + 20 = -2*f. Suppose 0 = 6*i - i + z. Give t(i).
5
Let r(p) = 9 - p**3 + 11*p + 9*p - 21*p - p**2. Give r(0).
9
Let n(t) be the first derivative of t**4/4 - 2*t**3 + 2*t**2 - 2*t - 1. Let w be (1/(-2))/(15/(-150)). Calculate n(w).
-7
Let o(g) = 10*g**2 - 2*g + 1. Let a = 7 + -5. Suppose s = -0 - a. Let h = -1 - s. Give o(h).
9
Let z(b) = 5*b**3 - 2*b**2 + 10*b. Let k(w) = -9*w**3 + 3*w**2 - 19*w - 1. Let g(h) = -6*k(h) - 11*z(h). Let i = 16 + -11. Give g(i).
1
Suppose -4*s + 3*s - 3 = 0. Let c(i) = -i. Let a(g) = -8*g - 1. Let z(u) = a(u) - 3*c(u). Calculate z(s).
14
Let x(c) be the second derivative of c**5/20 - c**4/3 + 5*c**3/6 - c**2 + 2*c + 2. What is x(3)?
4
Let b(l) = l + 2 + 2*l**3 + 0 + 5 - l**3. What is b(0)?
7
Let p(d) be the first derivative of d**5/20 - 7*d**2/2 - 9*d + 5. Let a(g) be the first derivative of p(g). Suppose 6*l - 2*l = 0. Calculate a(l).
-7
Let p(m) be the third derivative of -m**4/24 + 5*m**3/6 - m**2. Let a(q) = 3*q + 69. Let n be a(-23). What is p(n)?
5
Suppose 35 = -8*s + 3*s. Let f(w) = -3*w**2 - 2*w + 6. Let u(x) = -4*x**2 - 3*x + 9. Let v(t) = s*f(t) + 5*u(t). Determine v(0).
3
Let i be ((-6)/(-4))/((-6)/(-8)). Let v(z) = 12 - 4 + i + z - 5. Suppose 2*w + s + 0 = 5, -4*w - 4*s = -20. What is v(w)?
5
Let x(b) = -2*b - 4. Let q = 140 + -137. Give x(q).
-10
Let n(h) be the first derivative of -h**3/3 - h - 4. What is n(0)?
-1
Let d(k) = -13. Let w(a) = -7. Let r(s) = -6*d(s) + 11*w(s). Let n(j) = j - 1. Let q(v) = -n(v) - 4*r(v). Let y be (1 + 8/2)*-1. Give q(y).
2
Let t be ((-18)/24)/(2/(-8)). Suppose -2*d + 5 = t. Let v(g) = 6*g - 1. Determine v(d).
5
Let y(o) = -5*o**2 + 4*o + 1. Let v(f) = -14*f**2 + 12*f + 2. Let a = -4 - 0. Let t(d) = a*v(d) + 11*y(d). Determine t(5).
8
Let m be 0/(-5) + 2/2. Let j(p) = -2 + p + p**3 - 4 + m + 2. Calculate j(0).
-3
Suppose -7 = -6*k - 25. Let t(s) be the first derivative of -s**2 + 1. Calculate t(k).
6
Let p(a) = a + 6. Let r be p(-5). Let h = r + -7. Let g(q) = q**2 + 7*q + 9. Determine g(h).
3
Let v be (-912)/66 + (-4)/22. Let w be 2/(-4) - v/4. Let m(y) = -y. Determine m(w).
-3
Let w(c) = 3*c - 3. Let t be 4/12 + (-16)/(-6) + 2. Give w(t).
12
Suppose 7 - 1 = 6*d. Let a be (-15)/(-9)*d*-3. Let i(p) be the first derivative of p**4/4 + 4*p**3/3 - 4*p**2 - 5*p - 1. Determine i(a).
10
Let z(n) = n**2 + 4*n. Let r(h) = 4*h**2 + 17*h. Let i(s) = -6*r(s) + 26*z(s). Calculate i(-2).
4
Let g(u) = -3*u + 8. Let y(a) = -10*a + 26. Let l(w) = -7*g(w) + 2*y(w). What is l(6)?
2
Let p(a) = -a**3 + 6*a**2 + 7*a + 5. Let c be p(7). Let u(h) = -h**3 + 5*h**2 + 5*h - 2. Determine u(c).
23
Let o(b) = -11*b**3 + b**2 - b - 1. Let d be (-10)/(-25) - (-26)/10. Suppose 0 = -d*g - 3. What is o(g)?
12
Let b(y) = 1 - 12*y - 5*y**2 + 13*y + 2. Let n(q) = 1 - 3 + 3. Let l(k) = b(k) - 2*n(k). Determine l(-1).
-5
Let d(b) = -b**3 + 3*b**2 + 6*b - 2. Suppose 5*n - 7 = 8. Let c be n - (2/1 - 3). Calculate d(c).
6
Let y(h) = 2*h - 6. Let c(z) = -z**2 + 8*z - 5. Let l be c(3). Calculate y(l).
14
Let v(x) = -5*x**3 - x**2. Let d be v(1). Let t(y) = y + 4. What is t(d)?
-2
Let i(k) = -k**3 - 5*k**2 + 5*k - 1. Let z(o) = o - 11. Let d be z(5). Calculate i(d).
5
Let y(j) = -9*j - 3*j - 2 + 1 + 0. Determine y(-1).
11
Let o = 9 + -5. Let n(b) be the first derivative of 1/3*b*